299 = 1975. Let l = 201 - t. Suppose -4*g + 1336 = -l. Is g prime?
False
Suppose -q = -5*l - 752, 5*l + 2*q - q + 748 = 0. Let w(a) = 4*a**2 - 32*a + 169. Let f be w(12). Let b = f + l. Is b composite?
False
Let z(l) be the first derivative of -2159*l**4/4 + l**3/3 + 4*l**2 + 7*l - 94. Is z(-1) composite?
True
Let j = 801963 + -464476. Is j a prime number?
True
Suppose 584455 = w - 3*h, -283*h = -278*h + 40. Is w a prime number?
False
Let j = 1760451 - 629198. Is j a composite number?
False
Let a = 417 + -465. Is (-6)/a + (35119/8 - -1) a composite number?
False
Suppose -3*h + 20 = -22. Suppose 12*d - 13639 = 7205. Is (h/(-28))/(-1 + d/1738) composite?
True
Let d = -11030 - -44332. Is d a composite number?
True
Let n(t) be the third derivative of -t**6/24 + t**4/4 + 2*t**3/3 - 24*t**2. Suppose 2*b + 1 = 3*k + 4, 0 = -3*k - b - 12. Is n(k) prime?
False
Suppose 6*t - t = -5*p - 5, 4*t = p - 29. Let j(f) = 74*f**2 + 21*f - 1. Is j(t) prime?
False
Let d = -23212 + 80439. Is d a composite number?
True
Let k = 289980 + -200677. Is k a prime number?
True
Let w(q) = 2*q + 39. Let l be w(-18). Suppose b = l*s + 2*b - 2687, 3*s - 2675 = -4*b. Suppose -7*z = -10*z + s. Is z a composite number?
True
Let u be 3/(-2)*(-7)/(-42)*-8. Suppose 194 = u*o - 4*d, 3*o - 8*d = -4*d + 291. Is o a composite number?
False
Let p = 1907 + -874. Suppose h - 1095 = -2*i + 999, 0 = -i - 4*h + p. Is i a composite number?
False
Suppose 270*m - 263542321 = -143*m. Is m a composite number?
False
Is ((-27)/(-90) - 52290321/(-30))*1 prime?
False
Let n(u) = u**3 - 5*u**2 - 19*u - 1. Let y be n(5). Is 1108/(-6)*3312/y a composite number?
True
Let q(l) be the third derivative of -l**6/60 - l**5/4 - 13*l**4/24 - l**3 - 2*l**2. Let b be q(-10). Let w = 931 - b. Is w a prime number?
True
Let h = 478 - 478. Suppose h = 4*d - 15*d + 50831. Is d composite?
False
Let l(b) = -b**2 - 12*b - 14. Suppose -9*u + 8*u = 10. Let v be l(u). Suppose 0 = 4*c - v*c + 174. Is c prime?
False
Let u be 10/(-35)*(-2 + 30). Let y(i) = -47*i**3 - 7*i**2 - 27*i - 77. Is y(u) composite?
True
Suppose -305*q + 220994361 = 136*q. Is q composite?
False
Suppose 2*j + 3*g + 48 + 54 = 0, 0 = 3*j + 4*g + 155. Let l be 6/j - 20334/(-38). Suppose b + 5*p - 1067 = -b, b + 2*p - l = 0. Is b a composite number?
False
Suppose -3*p - p - 324 = 0. Let q = p + 117. Suppose -34*k - 2726 = -q*k. Is k a composite number?
True
Let b = 80127 - 1456. Is b composite?
True
Let d be (46/6*-2)/((-24)/5436). Let n = 798 + d. Is n a composite number?
False
Suppose 0 = 15*q - 30. Let t be (-60)/(-16) + q/8. Suppose k = 4*r - 6926, t*r - 3*k = r + 5199. Is r prime?
False
Let b(x) = 89*x**3 - 2*x**2 + 3*x + 1. Let l(t) = t**2. Let h(v) = b(v) + 5*l(v). Let n be h(-1). Let u = n - -147. Is u prime?
True
Let r(v) be the first derivative of 2*v**2 - 37*v - 4. Let p be r(11). Suppose -4*c = -p*c + 1749. Is c a composite number?
True
Let n be 12362/(-35)*40/(-16). Suppose -3*s + 836 = -n. Is s prime?
False
Let r be ((-12)/1)/(-5*(-2)/10). Let j(b) = 29*b**2 + 9*b - 23. Is j(r) a composite number?
True
Let b be (6 + -3)*(-1)/(-3). Let k be 83332/28 - b/7. Let l = -1619 + k. Is l composite?
True
Suppose 2*b + s = 85953, 2*s + 214887 = 14*b - 9*b. Is b composite?
True
Let q(p) = 51*p**2 + 23*p - 805. Is q(-39) a prime number?
True
Suppose 4*d + 89*i - 94*i - 199838 = 0, -8 = 4*i. Is d prime?
True
Suppose -3*o = -6*o - 135. Let w = o - -45. Suppose m - 6*m + 785 = w. Is m prime?
True
Suppose 3*a = -2*u + 18022, -5*u = 5*a - u - 30040. Suppose -5*g - a = -5*y + y, -y + 1492 = g. Suppose 0 = -5*v + y + 189. Is v prime?
True
Let k(l) = 669*l + 161213. Is k(0) a prime number?
False
Let u(v) = -6*v**3 + 10*v**2 - 6*v - 23. Let s be (-7)/(-1)*(-3 - -2). Is u(s) a prime number?
False
Let s(x) = -25*x**2 + 87*x - 28. Let q(i) = -13*i**2 + 43*i - 15. Let j(p) = 7*q(p) - 4*s(p). Is j(18) prime?
False
Let l be 25/7 - 30/(-70). Suppose l*o + 3*q - 33749 = -2925, -4*q = -4*o + 30852. Is o a prime number?
False
Is 1790045/65 - (-22)/(-143) composite?
False
Let z(u) = -3*u. Let a be z(-3). Suppose -2*i + 6*i + 2*p = 2, -3*i + a = -p. Is 31776/64 - (-1)/i*1 a composite number?
True
Suppose 0 = 5*s - 4*f - 80235, 5*f = 26 - 51. Is s prime?
False
Let c be (90/75)/((-6)/(-80)). Let i = -10000 + 16795. Suppose c*j - i = j. Is j a composite number?
True
Let f = -1 + -12. Let k(u) = u**2 + 14*u + 7. Let j be k(f). Is (-2920)/j + (-3)/(-9) a composite number?
False
Let s be ((-4)/(-8))/((-3)/(-36312)). Suppose 18*b = 14*b - s. Let z = b + 4292. Is z a composite number?
True
Let q = -1177234 + 100753. Is q/(-252) + (-1)/((-8)/(-6)) composite?
False
Let i be (-2)/(12/270886)*-3. Suppose -111*h - i = -122*h. Is h composite?
True
Suppose 47 = -3*d + 65. Suppose 3*j + d = -3*z, -5*z - 4*j - 10 = -3. Is (0 - z)/(3/(-20997)*3) prime?
True
Suppose -4*z + 4*g = -12, -5*z = 7*g - 2*g - 15. Suppose 3368 = 4*i - 12*s + 8*s, -4*s = z*i - 2533. Is i a prime number?
False
Let h(d) = d**3 + 25*d**2 - 85*d - 23. Let t be h(-28). Suppose 0 = -t*l - l + 52506. Is l a composite number?
True
Suppose -105 = -8*j + 11*j. Let p = 11 + j. Let u = p - -50. Is u a prime number?
False
Suppose 0 = -2072*y + 2055*y + 399959. Is y composite?
True
Suppose h = 5*p + 9, 0*p = 3*h + 5*p + 33. Let r be (-1054)/(2/h - 4/60). Suppose -881 = -3*q + 2*q - 4*f, 3*q + 4*f = r. Is q a prime number?
True
Let d = 811 - 2161. Let r = d + 4649. Is r prime?
True
Let a = 114 + -81. Let b be 10/3 + 22/a. Suppose 2*w = -q + 8219, -b*w + 2*w + 8228 = -2*q. Is w a composite number?
False
Suppose 31261500 = 97*v + 5171507. Is v prime?
True
Let j = -118 + 121. Suppose a = j*a + 3*a. Let b(c) = -c**3 - c**2 + 269. Is b(a) prime?
True
Suppose -14*r + 11166559 = -7051851. Is r composite?
True
Suppose 502551 = 262*k - 4738759. Is k a prime number?
False
Suppose -31*p - 1248263 = -34*p + 4*v, 10*p - 4160894 = -4*v. Is p prime?
True
Let v(w) = -13*w**2 + 28 + 7*w**2 + 25*w + 7*w**2. Let f be v(-24). Let o(k) = 7*k**3 + 4*k**2 + 6*k + 5. Is o(f) composite?
False
Let m(s) be the first derivative of 2*s**3/3 - 10*s**2 + 7*s + 1. Let h(w) = 2*w**2 + 41*w + 192. Let x be h(-6). Is m(x) prime?
False
Let v = -38 - -42. Suppose d = v*d - 42. Suppose -18*y = -d*y - 1784. Is y prime?
False
Suppose 0 = -5*u + 8*u + 6, -2*a - 4*u + 2552 = 0. Let z = -541 + a. Is z composite?
False
Is (((-16)/3)/4)/(((-1584)/(-6114258))/(-22)) composite?
False
Let i(l) = 124*l**2 - l + 17. Let j be i(6). Suppose -5*v = 12*c - 15*c - 22343, c - j = -v. Is v prime?
False
Suppose -129*z + 260*z = 1694747. Is z a composite number?
True
Suppose -2*o - 6*m + 1513 = -m, 0 = -5*o - 4*m + 3757. Is o prime?
False
Let z(m) = -5*m - 29. Let w be z(-6). Suppose -2*h = -7 + w. Is (1 - h)*-1087*(-1)/(-2) a prime number?
True
Let s = -1844 - -8997. Is s a prime number?
False
Let r be 4/(40/2185)*2. Suppose 6*u + 912 = 3*u. Let h = u + r. Is h a prime number?
False
Suppose b = -5*w + 83559, -146*b = -150*b + 5*w + 334336. Is b a prime number?
True
Let d(r) = 1547*r**3 - 6*r**2 + 44*r - 83. Is d(4) prime?
False
Suppose -207294 = -19*a + 295883. Is a a composite number?
True
Let g(f) = 788*f + 185. Is g(22) a prime number?
False
Suppose 2*a + 6 = -m - 0, -m - 4*a - 8 = 0. Let o be (-3 + 0 - m) + -639. Let b = 1581 + o. Is b prime?
False
Let n = 352641 - 93803. Is n a composite number?
True
Let c be (6*15/(-6))/(-1 - 0). Let n be (-10)/c*-6 - -5. Suppose n*s - 47070 = -11169. Is s a composite number?
False
Is (-3245685)/(-105) + (-48)/21 + 2 composite?
False
Suppose 0 = -z + 8*z - 973. Let b = 274 - z. Suppose 1150 = 7*j + b. Is j prime?
False
Let y(l) = -46*l + 314. Let r be y(7). Let b(c) = c**3 - 5*c**2 - 2. Let u be b(5). Is 6833/r*u - (-15)/20 composite?
False
Let l(r) = -r**3 + 10*r**2 + 12. Suppose 4*d + n - 32 = 0, d - 5*d - 3*n = -40. Is l(d) prime?
False
Let s(z) = -1845*z + 679. Is s(-28) a composite number?
True
Suppose -665*m = -769*m + 36129704. Is m prime?
True
Let z be 9454*3 + 2/4*4. Is (-3)/(-5) + z/35 composite?
False
Suppose -1177*r = -1181*r + s + 917805, 0 = -3*r + 4*s + 688357. Is r a prime number?
False
Let b = -132 - -137. Suppose 0 = -3*d + 12, 9*i + b*d - 855 = 4*i. Suppose i = z + 61. Is z a prime number?
False
Let a be (-816)/(-12) - (0 + 6/3). Let